{"id":65,"date":"2013-08-01T17:44:22","date_gmt":"2013-08-01T15:44:22","guid":{"rendered":"http:\/\/dirisolar.com\/Projets\/?page_id=65"},"modified":"2020-06-02T12:38:58","modified_gmt":"2020-06-02T10:38:58","slug":"futur-dirigeables","status":"publish","type":"page","link":"http:\/\/dirisolar.com\/Projets\/futur-dirigeables\/","title":{"rendered":"Dirigeables"},"content":{"rendered":"<h2><i>Qu&rsquo;est ce qu&rsquo;un dirigeable\u00a0? <\/i><\/h2>\n<h4>Le dirigeable est un a\u00e9ronef \u00ab\u00a0plus l\u00e9ger que l&rsquo;air\u00a0\u00bb.<\/h4>\n<p>Le dirigeable vole, ou plut\u00f4t flotte, gr\u00e2ce \u00e0 la pouss\u00e9e d\u2019Archim\u00e8de. Il renferme un gaz plus l\u00e9ger que l&rsquo;air, l&rsquo;h\u00e9lium qui lui permet de rester en l&rsquo;air sans d\u00e9penser d&rsquo;\u00e9nergie. Un avantage intrins\u00e8que cons\u00e9quent par rapport aux autres appareils volant pour la transition \u00e9nerg\u00e9tique.<\/p>\n<p><img loading=\"lazy\" src=\"http:\/\/dirisolar.com\/Projets\/wp-content\/uploads\/2020\/06\/GIF1_1.gif\" alt=\"Pouss\u00e9e Archim\u00e8de\" width=\"1920\" height=\"1080\" class=\"aligncenter wp-image-1261 size-full\" \/><\/p>\n<p>Il est \u00e9quip\u00e9 de syst\u00e8mes de propulsion qui lui permettent de se d\u00e9placer et de s&rsquo;affranchir des contraintes de l\u2019air ambiant. Son principal atout \u00e9tant de mener les passagers ou ils le souhaitent, m\u00eame s\u2019il y a du vent. Il peut se tenir en vol stationnaire par rapport au sol, aussi longtemps qu\u2019il veut, libre d\u2019aller \u00e0 droite ou \u00e0 gauche, vers le haut ou vers le bas, sans attache au sol, m\u00eame s\u2019il y a du vent.<\/p>\n<h2>Le dirigeable, moyen de transport du futur\u00a0?<i> <\/i><\/h2>\n<h4>Pr\u00e8s de 30 projets de dirigeables innovants sont actuellement en cours dans le monde.<\/h4>\n<p>L&rsquo;engouement pour le dirigeable r\u00e9pond au souci qu\u2019a l&rsquo;homme d&rsquo;inventer les moyens de transports du futur. L&rsquo;in\u00e9vitable transition \u00e9nerg\u00e9tique due \u00e0 la rar\u00e9faction des \u00e9nergies fossiles oblige l&rsquo;homme \u00e0 innover. Le transport est l&rsquo;un de ses plus gros enjeux. <a title=\"Utilisations\" href=\"http:\/\/dirisolar.com\/Projets\/projets\/applications-f\/\">&gt; Dirigeable et transports<\/a><\/p>\n<h2>Le march\u00e9 potentielle des dirigeables<\/h2>\n<h4>En 2013 seulement une dizaine de dirigeables volent dans le monde.<\/h4>\n<p>Selon les \u00e9tudes de march\u00e9s r\u00e9alis\u00e9es par\u00a0des cabinets conseil ces 10 derni\u00e8res ann\u00e9es, certains secteurs d&rsquo;activit\u00e9s sont demandeurs de solutions de transports auxquelles les dirigeables r\u00e9pondent. Il s&rsquo;agit des extractions mini\u00e8res, des exploitants de ressources fossiles, des explorations scientifiques et du tourisme.<\/p>\n<p>Les zones g\u00e9ographiques concern\u00e9es par les dirigeables ont en commun les difficult\u00e9s d&rsquo;acc\u00e8s. C&rsquo;est le cas, entre autres, du Nord du Canada, de l&rsquo;Amazonie, de l&rsquo;Afrique centrale, et de la Sib\u00e9rie.<\/p>\n<p><a title=\"Dirigeables de demain\" href=\"http:\/\/dirisolar.com\/Projets\/futur-dirigeables\/histoires-dirigeables\/\">&gt; Exploitation des dirigeables<\/a><\/p>\n","protected":false},"excerpt":{"rendered":"<p>Qu&rsquo;est ce qu&rsquo;un dirigeable\u00a0? Le dirigeable est un a\u00e9ronef \u00ab\u00a0plus l\u00e9ger que l&rsquo;air\u00a0\u00bb. Le dirigeable vole, ou plut\u00f4t flotte, gr\u00e2ce \u00e0 la pouss\u00e9e d\u2019Archim\u00e8de. Il renferme un gaz plus l\u00e9ger que l&rsquo;air, l&rsquo;h\u00e9lium qui lui permet de rester en l&rsquo;air sans d\u00e9penser d&rsquo;\u00e9nergie. Un avantage intrins\u00e8que cons\u00e9quent par rapport aux [&hellip;]<\/p>\n","protected":false},"author":1,"featured_media":0,"parent":0,"menu_order":9,"comment_status":"closed","ping_status":"open","template":"","meta":{"spay_email":""},"yoast_head":"<!-- This site is optimized with the Yoast SEO plugin v15.4 - https:\/\/yoast.com\/wordpress\/plugins\/seo\/ -->\n<title>Informations sur les dirigeables<\/title>\n<meta name=\"description\" content=\"L&#039;enjeu pour les dirigeables est vaste, c&#039;est pourquoi nous mettons \u00e0 votre disposition quelques informations sur le sujet avant d&#039;aller plus loin\" \/>\n<meta name=\"robots\" content=\"index, follow, max-snippet:-1, max-image-preview:large, max-video-preview:-1\" \/>\n<link rel=\"canonical\" href=\"http:\/\/dirisolar.com\/Projets\/futur-dirigeables\/\" \/>\n<meta property=\"og:locale\" content=\"fr_FR\" \/>\n<meta property=\"og:type\" content=\"article\" \/>\n<meta property=\"og:title\" content=\"Informations sur les dirigeables\" \/>\n<meta property=\"og:description\" content=\"L&#039;enjeu pour les dirigeables est vaste, c&#039;est pourquoi nous mettons \u00e0 votre disposition quelques informations sur le sujet avant d&#039;aller plus loin\" \/>\n<meta property=\"og:url\" content=\"http:\/\/dirisolar.com\/Projets\/futur-dirigeables\/\" \/>\n<meta property=\"og:site_name\" content=\"Dirisolar\" \/>\n<meta property=\"article:publisher\" content=\"https:\/\/www.facebook.com\/DirisolarFR\" \/>\n<meta property=\"article:modified_time\" content=\"2020-06-02T10:38:58+00:00\" \/>\n<meta property=\"og:image\" content=\"http:\/\/dirisolar.com\/Projets\/wp-content\/uploads\/2020\/06\/GIF1_1.gif\" \/>\n<meta name=\"twitter:card\" content=\"summary_large_image\" \/>\n<meta name=\"twitter:creator\" content=\"@Dirisolar\" \/>\n<meta name=\"twitter:site\" content=\"@Dirisolar\" \/>\n<meta name=\"twitter:label1\" content=\"\u00c9crit par\">\n\t<meta name=\"twitter:data1\" content=\"admin\">\n\t<meta name=\"twitter:label2\" content=\"Dur\u00e9e de lecture est.\">\n\t<meta name=\"twitter:data2\" content=\"1 minute\">\n<script type=\"application\/ld+json\" class=\"yoast-schema-graph\">{\"@context\":\"https:\/\/schema.org\",\"@graph\":[{\"@type\":\"Organization\",\"@id\":\"http:\/\/dirisolar.com\/Projets\/#organization\",\"name\":\"Dirisolar\",\"url\":\"http:\/\/dirisolar.com\/Projets\/\",\"sameAs\":[\"https:\/\/www.facebook.com\/DirisolarFR\",\"https:\/\/www.instagram.com\/dirisolar\/?hl=fr\",\"https:\/\/www.linkedin.com\/company\/dirisolar\",\"https:\/\/www.youtube.com\/channel\/UCOTzLSS-a7itDgvtlZp1gLw\",\"https:\/\/twitter.com\/Dirisolar\"],\"logo\":{\"@type\":\"ImageObject\",\"@id\":\"http:\/\/dirisolar.com\/Projets\/#logo\",\"inLanguage\":\"fr-FR\",\"url\":\"http:\/\/dirisolar.com\/Projets\/wp-content\/uploads\/2020\/11\/Dirisolar_logo.png\",\"width\":2128,\"height\":736,\"caption\":\"Dirisolar\"},\"image\":{\"@id\":\"http:\/\/dirisolar.com\/Projets\/#logo\"}},{\"@type\":\"WebSite\",\"@id\":\"http:\/\/dirisolar.com\/Projets\/#website\",\"url\":\"http:\/\/dirisolar.com\/Projets\/\",\"name\":\"Dirisolar\",\"description\":\"Another way to fly\",\"publisher\":{\"@id\":\"http:\/\/dirisolar.com\/Projets\/#organization\"},\"potentialAction\":[{\"@type\":\"SearchAction\",\"target\":\"http:\/\/dirisolar.com\/Projets\/?s={search_term_string}\",\"query-input\":\"required name=search_term_string\"}],\"inLanguage\":\"fr-FR\"},{\"@type\":\"ImageObject\",\"@id\":\"http:\/\/dirisolar.com\/Projets\/futur-dirigeables\/#primaryimage\",\"inLanguage\":\"fr-FR\",\"url\":\"http:\/\/dirisolar.com\/Projets\/wp-content\/uploads\/2020\/06\/GIF1_1.gif\",\"width\":1920,\"height\":1080,\"caption\":\"Pouss\\u00e9e Archim\\u00e8de\"},{\"@type\":\"WebPage\",\"@id\":\"http:\/\/dirisolar.com\/Projets\/futur-dirigeables\/#webpage\",\"url\":\"http:\/\/dirisolar.com\/Projets\/futur-dirigeables\/\",\"name\":\"Informations sur les dirigeables\",\"isPartOf\":{\"@id\":\"http:\/\/dirisolar.com\/Projets\/#website\"},\"primaryImageOfPage\":{\"@id\":\"http:\/\/dirisolar.com\/Projets\/futur-dirigeables\/#primaryimage\"},\"datePublished\":\"2013-08-01T15:44:22+00:00\",\"dateModified\":\"2020-06-02T10:38:58+00:00\",\"description\":\"L'enjeu pour les dirigeables est vaste, c'est pourquoi nous mettons \\u00e0 votre disposition quelques informations sur le sujet avant d'aller plus loin\",\"inLanguage\":\"fr-FR\",\"potentialAction\":[{\"@type\":\"ReadAction\",\"target\":[\"http:\/\/dirisolar.com\/Projets\/futur-dirigeables\/\"]}]}]}<\/script>\n<!-- \/ Yoast SEO plugin. -->","_links":{"self":[{"href":"http:\/\/dirisolar.com\/Projets\/wp-json\/wp\/v2\/pages\/65"}],"collection":[{"href":"http:\/\/dirisolar.com\/Projets\/wp-json\/wp\/v2\/pages"}],"about":[{"href":"http:\/\/dirisolar.com\/Projets\/wp-json\/wp\/v2\/types\/page"}],"author":[{"embeddable":true,"href":"http:\/\/dirisolar.com\/Projets\/wp-json\/wp\/v2\/users\/1"}],"replies":[{"embeddable":true,"href":"http:\/\/dirisolar.com\/Projets\/wp-json\/wp\/v2\/comments?post=65"}],"version-history":[{"count":31,"href":"http:\/\/dirisolar.com\/Projets\/wp-json\/wp\/v2\/pages\/65\/revisions"}],"predecessor-version":[{"id":1263,"href":"http:\/\/dirisolar.com\/Projets\/wp-json\/wp\/v2\/pages\/65\/revisions\/1263"}],"wp:attachment":[{"href":"http:\/\/dirisolar.com\/Projets\/wp-json\/wp\/v2\/media?parent=65"}],"curies":[{"name":"wp","href":"https:\/\/api.w.org\/{rel}","templated":true}]}}