{"id":26,"date":"2013-08-01T17:19:09","date_gmt":"2013-08-01T15:19:09","guid":{"rendered":"http:\/\/dirisolar.com\/Projets\/?page_id=26"},"modified":"2019-08-13T16:21:40","modified_gmt":"2019-08-13T14:21:40","slug":"press","status":"publish","type":"page","link":"http:\/\/dirisolar.com\/Projets\/dirisolar-2\/press\/","title":{"rendered":"Press"},"content":{"rendered":"<p><a href=\"http:\/\/dirisolar.com\/Projets\/dirisolar\/presse\/\"><img loading=\"lazy\" class=\"wp-image-1155 alignright\" src=\"http:\/\/dirisolar.com\/Projets\/wp-content\/uploads\/2019\/08\/France_29740-300x300.png\" alt=\"\" width=\"35\" height=\"35\" srcset=\"http:\/\/dirisolar.com\/Projets\/wp-content\/uploads\/2019\/08\/France_29740-300x300.png 300w, http:\/\/dirisolar.com\/Projets\/wp-content\/uploads\/2019\/08\/France_29740-150x150.png 150w, http:\/\/dirisolar.com\/Projets\/wp-content\/uploads\/2019\/08\/France_29740-510x510.png 510w, http:\/\/dirisolar.com\/Projets\/wp-content\/uploads\/2019\/08\/France_29740.png 512w\" sizes=\"(max-width: 35px) 100vw, 35px\" \/><\/a><\/p>\n<h3><\/h3>\n<h3><span style=\"text-decoration: underline;\"><strong>May 6th 2014<\/strong><\/span><\/h3>\n<p>Article from &lsquo;The Crow\u00a0\u00bb on sustainable energy innovations on the website:\u00a0<a title=\"The crow innovation \u00e9cologique Dirisolar\" href=\"http:\/\/blackcrowcaro.wordpress.com\/\" target=\"_blank\" rel=\"noopener noreferrer\">http:\/\/blackcrowcaro.wordpress.com\/<\/a><\/p>\n<address><a title=\"Article the crow innovation ecologique Dirisolar\" href=\"http:\/\/blackcrowcaro.wordpress.com\/2014\/05\/06\/coolhunt-22-sustainable-mobility\/\" target=\"_blank\" rel=\"noopener noreferrer\">As sustainable cities are making their way to the big audience, all kinds of sustainable devices and services are growing as well. There can\u2019t be sustainable cities if there aren\u2019t ways to make everything we do and produce eco-friendly. Mobility is an crucial part of any city, and it\u2019s getting more\u00a0<em>green\u00a0<\/em>every day.<\/a>\u00a0&#8230;<\/address>\n<h3><span style=\"text-decoration: underline;\"><strong>April 30th 2014<\/strong><\/span><\/h3>\n<p>Article on the airship&rsquo;s return on the website:\u00a0<a title=\"Site mobilite durable\" href=\"http:\/\/www.mobilite-durable.org\/\" target=\"_blank\" rel=\"noopener noreferrer\">http:\/\/www.mobilite-durable.org\/<\/a><\/p>\n<address><a title=\"Artcile mobilite durable Dirisolar\" href=\"http:\/\/www.mobilite-durable.org\/se-deplacer-aujourd-hui\/avions-et-bateaux\/le-retour-des-dirigeables.html\" target=\"_blank\" rel=\"noopener noreferrer\">77 ans apr\u00e8s la catastrophe du Hindenburg, le dirigeable, abandonn\u00e9 \u00e0 l\u2019\u00e9poque car trop dangereux, pourrait bien faire son grand retour dans le transport d\u2019hommes et de fret. &#8230;<\/a><\/address>\n<h3><span style=\"text-decoration: underline;\"><strong>April 20th 2014<\/strong><\/span><\/h3>\n<p>Article on a flying apparatus world on the website:\u00a0<a title=\"Projets du futur Wictorius\" href=\"http:\/\/wictoriusdufutur.over-blog.com\/\" target=\"_blank\" rel=\"noopener noreferrer\">http:\/\/wictoriusdufutur.over-blog.com\/<\/a><\/p>\n<address><a title=\"Projets du futur wictorius Dirisolar\" href=\"http:\/\/wictoriusdufutur.over-blog.com\/2014\/04\/pour-un-monde-d-engins-volants-le-dirisolar.html\" target=\"_blank\" rel=\"noopener noreferrer\">Il existe de plus en plus de projets pour relancer le dirigeable, quasi moribond apr\u00e8s la fin des grands dirigeables transatlantiques.<\/a>\u00a0<a title=\"Projets du futur wictorius Dirisolar\" href=\"http:\/\/wictoriusdufutur.over-blog.com\/2014\/04\/pour-un-monde-d-engins-volants-le-dirisolar.html\" target=\"_blank\" rel=\"noopener noreferrer\">Voici l&rsquo;un d&rsquo;entre-eux, le Dirsolar.<\/a>\u00a0&#8230;<\/address>\n<h3><span style=\"text-decoration: underline;\"><strong>April 17th 2014<\/strong><\/span><\/h3>\n<p>Discussion on forum:\u00a0<a title=\"Forum Fragnet\" href=\"http:\/\/fragnet.ca\/\" target=\"_blank\" rel=\"noopener noreferrer\">http:\/\/fragnet.ca\/<\/a><\/p>\n<address><a title=\"Forum fragnet Dirisolar\" href=\"http:\/\/fragnet.ca\/forum\/viewtopic.php?f=415&amp;t=14998\" target=\"_blank\" rel=\"noopener noreferrer\">Dirisolar: Dirigeable qui fonctionne \u00e0 l&rsquo;\u00e9nergie solaire.<\/a>\u00a0&#8230;<\/address>\n<h3><span style=\"text-decoration: underline;\"><strong>April 17th 2014<\/strong><\/span><\/h3>\n<p>Article about things of the futur on the website:\u00a0<a title=\"Site objet futur dirisolar 36 quai du futur\" href=\"http:\/\/36quaidufutur.over-blog.com\/\" target=\"_blank\" rel=\"noopener noreferrer\">http:\/\/36quaidufutur.over-blog.com\/<\/a><\/p>\n<address><a title=\"Article objet du futur Dirisolar\" href=\"http:\/\/36quaidufutur.over-blog.com\/article-capharnaum-le-dirisolar-dirigeable-de-demain-123354355.html\" target=\"_blank\" rel=\"noopener noreferrer\">Un dirigeable civile de nouvelle g\u00e9n\u00e9ration, le Dirisolar. Ce principe de transport gonflable n&rsquo;a pas disparu, contrairement \u00e0 ce que l&rsquo;on pourrait croire&#8230; Il est peu polluant, devenu fiable, lent mais \u00e9conome en \u00e9nergie.<\/a>\u00a0&#8230;<\/address>\n<h3><span style=\"text-decoration: underline;\"><strong>April 15th 2014<\/strong><\/span><\/h3>\n<p>Article on the website:\u00a0<a title=\"Site Daily geek show\" href=\"http:\/\/dailygeekshow.com\/\" target=\"_blank\" rel=\"noopener noreferrer\">www.dailygeekshow.com<\/a><\/p>\n<address><a title=\"Article Dirisolar daily geek show innovative airship\" href=\"http:\/\/dailygeekshow.com\/2014\/04\/15\/embarquez-vos-proches-a-bord-dun-dirigeable-nouvelle-generation-qui-fonctionne-entierement-a-lenergie-solaire\/\" target=\"_blank\" rel=\"noopener noreferrer\">Embarquez vos proches \u00e0 bord d&rsquo;un dirigeable nouvelle g\u00e9n\u00e9ration qui fonctionne enti\u00e8rement \u00e0 l&rsquo;\u00e9nergie solaire.<\/a> &#8230;<\/address>\n<h3><span style=\"text-decoration: underline;\"><strong>April 15th 2014<\/strong><\/span><\/h3>\n<p>Article about innovative transport devices on the website:\u00a0<a title=\"Automotive devices technocrazed Dirisolar\" href=\"http:\/\/www.technocrazed.com\/\" target=\"_blank\" rel=\"noopener noreferrer\">http:\/\/www.technocrazed.com\/<\/a><\/p>\n<address><a title=\"Article technocrazed Dirisolar\" href=\"http:\/\/www.technocrazed.com\/dirisolar-a-futuristic-solar-powered-airship-for-the-family-video\" target=\"_blank\" rel=\"noopener noreferrer\">A French company has embarked on a crazy adventure: they acclaim to reinvent the airships using an innovative shape and only using solar energy to power it! We make you discover\u00a0this futuristic green concept!<\/a>\u00a0&#8230;<\/address>\n<h3><span style=\"text-decoration: underline;\"><strong>April 15th 2014<\/strong><\/span><\/h3>\n<p>Discussion on forum about sustainable energy transports on the website:\u00a0<a title=\"Forum econologie\" href=\"http:\/\/www.econologie.com\/\" target=\"_blank\" rel=\"noopener noreferrer\">http:\/\/www.econologie.com\/<\/a><\/p>\n<address><a title=\"Forum econologie Dirisolar\" href=\"http:\/\/www.econologie.com\/forums\/dirisolar-un-dirigeable-100-solaire-de-philippe-tixier-vt13203.html\" target=\"_blank\" rel=\"noopener noreferrer\">Une entreprise fran\u00e7aise s\u2019est lanc\u00e9e dans une folle aventure : redonner ses lettres de noblesse aux dirigeables en inventant un nouveau type d\u2019engin \u00e0 la forme novatrice et aliment\u00e9 gr\u00e2ce \u00e0 l\u2019\u00e9nergie solaire ! DGS vous fait d\u00e9couvrir ce dirigeable \u00e9cologique !<\/a>\u00a0&#8230;<\/address>\n<h3><span style=\"text-decoration: underline;\"><strong>February 2014<\/strong><\/span><\/h3>\n<p>Article and videos on the website:\u00a0<a title=\"Site de vid\u00e9os buzz frequency Dirisolar\" href=\"http:\/\/www.frequency.com\/\" target=\"_blank\" rel=\"noopener noreferrer\">http:\/\/www.frequency.com\/<\/a><\/p>\n<address><a title=\"Article lien vid\u00e9o youtube Dirisolar\" href=\"http:\/\/www.frequency.com\/video\/dirisolar-volez-comme-vous-voulez-fly\/146040736\" target=\"_blank\" rel=\"noopener noreferrer\">Avec le DS 1500 de DIRISOLAR, vous d\u00e9collerez, vous volerez, vous atterrirez quand vous voulez, o\u00f9 vous voulez. Sans \u00eatre g\u00ean\u00e9 par le vent, sans avoir besoin de personne au sol, et vous volerez aussi longtemps que vous voulez gr\u00e2ce aux capteurs solaires.<\/a>\u00a0&#8230;<\/address>\n<h3><span style=\"text-decoration: underline;\"><strong>July 2010<\/strong><\/span><\/h3>\n<p>Article on Air and Cosmos:<\/p>\n<p><a href=\"http:\/\/dirisolar.com\/Projets\/wp-content\/uploads\/2013\/08\/1007_RP_Dirisolar.jpg\"><img loading=\"lazy\" class=\"aligncenter size-full wp-image-207\" src=\"http:\/\/dirisolar.com\/Projets\/wp-content\/uploads\/2013\/08\/1007_RP_Dirisolar.jpg\" alt=\"1007_RP_Dirisolar\" width=\"600\" height=\"815\" srcset=\"http:\/\/dirisolar.com\/Projets\/wp-content\/uploads\/2013\/08\/1007_RP_Dirisolar.jpg 600w, http:\/\/dirisolar.com\/Projets\/wp-content\/uploads\/2013\/08\/1007_RP_Dirisolar-220x300.jpg 220w\" sizes=\"(max-width: 600px) 100vw, 600px\" \/><\/a><\/p>\n","protected":false},"excerpt":{"rendered":"<p>May 6th 2014 Article from &lsquo;The Crow\u00a0\u00bb on sustainable energy innovations on the website:\u00a0http:\/\/blackcrowcaro.wordpress.com\/ As sustainable cities are making their way to the big audience, all kinds of sustainable devices and services are growing as well. There can\u2019t be sustainable cities if there aren\u2019t ways to make everything we do [&hellip;]<\/p>\n","protected":false},"author":1,"featured_media":0,"parent":14,"menu_order":23,"comment_status":"open","ping_status":"open","template":"","meta":{"spay_email":""},"yoast_head":"<!-- This site is optimized with the Yoast SEO plugin v15.4 - https:\/\/yoast.com\/wordpress\/plugins\/seo\/ -->\n<title>Press Dirisolar<\/title>\n<meta name=\"robots\" content=\"index, follow, max-snippet:-1, max-image-preview:large, max-video-preview:-1\" \/>\n<link rel=\"canonical\" href=\"http:\/\/dirisolar.com\/Projets\/dirisolar-2\/press\/\" \/>\n<meta property=\"og:locale\" content=\"fr_FR\" \/>\n<meta property=\"og:type\" content=\"article\" \/>\n<meta property=\"og:title\" content=\"Press Dirisolar\" \/>\n<meta property=\"og:description\" content=\"May 6th 2014 Article from &lsquo;The Crow\u00a0\u00bb on sustainable energy innovations on the website:\u00a0http:\/\/blackcrowcaro.wordpress.com\/ As sustainable cities are making their way to the big audience, all kinds of sustainable devices and services are growing as well. There can\u2019t be sustainable cities if there aren\u2019t ways to make everything we do [&hellip;]\" \/>\n<meta property=\"og:url\" content=\"http:\/\/dirisolar.com\/Projets\/dirisolar-2\/press\/\" \/>\n<meta property=\"og:site_name\" content=\"Dirisolar\" \/>\n<meta property=\"article:publisher\" content=\"https:\/\/www.facebook.com\/DirisolarFR\" \/>\n<meta property=\"article:modified_time\" content=\"2019-08-13T14:21:40+00:00\" \/>\n<meta property=\"og:image\" content=\"http:\/\/dirisolar.com\/Projets\/wp-content\/uploads\/2019\/08\/France_29740-300x300.png\" \/>\n<meta name=\"twitter:card\" content=\"summary_large_image\" \/>\n<meta name=\"twitter:creator\" content=\"@Dirisolar\" \/>\n<meta name=\"twitter:site\" content=\"@Dirisolar\" \/>\n<meta name=\"twitter:label1\" content=\"\u00c9crit par\">\n\t<meta name=\"twitter:data1\" content=\"admin\">\n\t<meta name=\"twitter:label2\" content=\"Dur\u00e9e de lecture est.\">\n\t<meta name=\"twitter:data2\" content=\"2 minutes\">\n<script type=\"application\/ld+json\" class=\"yoast-schema-graph\">{\"@context\":\"https:\/\/schema.org\",\"@graph\":[{\"@type\":\"Organization\",\"@id\":\"https:\/\/dirisolar.com\/Projets\/#organization\",\"name\":\"Dirisolar\",\"url\":\"https:\/\/dirisolar.com\/Projets\/\",\"sameAs\":[\"https:\/\/www.facebook.com\/DirisolarFR\",\"https:\/\/www.instagram.com\/dirisolar\/?hl=fr\",\"https:\/\/www.linkedin.com\/company\/dirisolar\",\"https:\/\/www.youtube.com\/channel\/UCOTzLSS-a7itDgvtlZp1gLw\",\"https:\/\/twitter.com\/Dirisolar\"],\"logo\":{\"@type\":\"ImageObject\",\"@id\":\"https:\/\/dirisolar.com\/Projets\/#logo\",\"inLanguage\":\"fr-FR\",\"url\":\"http:\/\/dirisolar.com\/Projets\/wp-content\/uploads\/2020\/11\/Dirisolar_logo.png\",\"width\":2128,\"height\":736,\"caption\":\"Dirisolar\"},\"image\":{\"@id\":\"https:\/\/dirisolar.com\/Projets\/#logo\"}},{\"@type\":\"WebSite\",\"@id\":\"https:\/\/dirisolar.com\/Projets\/#website\",\"url\":\"https:\/\/dirisolar.com\/Projets\/\",\"name\":\"Dirisolar\",\"description\":\"Another way to fly\",\"publisher\":{\"@id\":\"https:\/\/dirisolar.com\/Projets\/#organization\"},\"potentialAction\":[{\"@type\":\"SearchAction\",\"target\":\"https:\/\/dirisolar.com\/Projets\/?s={search_term_string}\",\"query-input\":\"required name=search_term_string\"}],\"inLanguage\":\"fr-FR\"},{\"@type\":\"ImageObject\",\"@id\":\"http:\/\/dirisolar.com\/Projets\/dirisolar-2\/press\/#primaryimage\",\"inLanguage\":\"fr-FR\",\"url\":\"http:\/\/dirisolar.com\/Projets\/wp-content\/uploads\/2019\/08\/France_29740.png\",\"width\":512,\"height\":512},{\"@type\":\"WebPage\",\"@id\":\"http:\/\/dirisolar.com\/Projets\/dirisolar-2\/press\/#webpage\",\"url\":\"http:\/\/dirisolar.com\/Projets\/dirisolar-2\/press\/\",\"name\":\"Press Dirisolar\",\"isPartOf\":{\"@id\":\"https:\/\/dirisolar.com\/Projets\/#website\"},\"primaryImageOfPage\":{\"@id\":\"http:\/\/dirisolar.com\/Projets\/dirisolar-2\/press\/#primaryimage\"},\"datePublished\":\"2013-08-01T15:19:09+00:00\",\"dateModified\":\"2019-08-13T14:21:40+00:00\",\"inLanguage\":\"fr-FR\",\"potentialAction\":[{\"@type\":\"ReadAction\",\"target\":[\"http:\/\/dirisolar.com\/Projets\/dirisolar-2\/press\/\"]}]}]}<\/script>\n<!-- \/ Yoast SEO plugin. -->","_links":{"self":[{"href":"http:\/\/dirisolar.com\/Projets\/wp-json\/wp\/v2\/pages\/26"}],"collection":[{"href":"http:\/\/dirisolar.com\/Projets\/wp-json\/wp\/v2\/pages"}],"about":[{"href":"http:\/\/dirisolar.com\/Projets\/wp-json\/wp\/v2\/types\/page"}],"author":[{"embeddable":true,"href":"http:\/\/dirisolar.com\/Projets\/wp-json\/wp\/v2\/users\/1"}],"replies":[{"embeddable":true,"href":"http:\/\/dirisolar.com\/Projets\/wp-json\/wp\/v2\/comments?post=26"}],"version-history":[{"count":13,"href":"http:\/\/dirisolar.com\/Projets\/wp-json\/wp\/v2\/pages\/26\/revisions"}],"predecessor-version":[{"id":1156,"href":"http:\/\/dirisolar.com\/Projets\/wp-json\/wp\/v2\/pages\/26\/revisions\/1156"}],"up":[{"embeddable":true,"href":"http:\/\/dirisolar.com\/Projets\/wp-json\/wp\/v2\/pages\/14"}],"wp:attachment":[{"href":"http:\/\/dirisolar.com\/Projets\/wp-json\/wp\/v2\/media?parent=26"}],"curies":[{"name":"wp","href":"https:\/\/api.w.org\/{rel}","templated":true}]}}